0 = -m*y - 26. What is the units digit of b?
9
Let i(p) = p**3 - 6*p**2 + p - 11. Let w be i(6). Let u(h) = h**3 + 3 + 5*h**2 - h**2 - 5*h + h**2. What is the tens digit of u(w)?
2
Suppose 0 = -n - 5*t + 8, -2*t - 3*t - 1 = -2*n. Suppose -n*d - 16 = -4*d. What is the tens digit of 1148/d + (-4)/(-16)?
7
What is the tens digit of (-3 + 10 - 7) + 1877?
7
Let t be 413/(-35) - 1/5. What is the tens digit of (-2 + t/(-5))/(6/270)?
1
Suppose 4*w - 14 = -f, 3*w - f - 1 - 6 = 0. Suppose 62 = -w*s - g, 0*s - 5*s - 70 = -5*g. Let j(p) = p**2 + 16*p - 25. What is the tens digit of j(s)?
3
Suppose -80 = 7*l - 31. Let g(w) = -w. What is the units digit of g(l)?
7
Suppose 5*k + 6*g = 4*g + 2715, -4*k - 3*g + 2179 = 0. Let x = k - 358. What is the tens digit of x?
8
What is the tens digit of (-16)/(-8) + 1 + 9?
1
What is the units digit of (-14)/(-7)*(-3)/(-4)*626?
9
Suppose -4*j + 4*z = -36, 4*j - 11 = 2*z - 3*z. Suppose b = -j*b + 5*y + 345, 0 = 3*y + 6. What is the units digit of b?
7
Let u(w) = -w. Let i be u(8). Let k be (i/6)/(2/6). Let h = 10 + k. What is the units digit of h?
6
Let d = 4625 - 2110. What is the thousands digit of d?
2
What is the tens digit of 3/(-2) + ((-199875)/(-26))/15?
1
Let z = 25 + -17. Suppose 4*d = -5*v + z*d + 67, 4*v - d = 47. What is the units digit of v?
1
Let j(g) = g**2 + g. Let h(d) = -7*d**2 - 16*d - 14. Let x(w) = -h(w) - 6*j(w). Suppose -9 - 31 = 4*l. What is the tens digit of x(l)?
1
Suppose -2*l + 0 = -4. Let z = 12 + l. What is the units digit of 2/7 + 304/z?
2
Let b be (6 - 6)*3/6. Let l(k) = k**3 + 2*k**2 + k + 42. What is the tens digit of l(b)?
4
Suppose -3*g - 4*h = 223, -5*h - 32 = -12. Let w = 128 + g. What is the tens digit of w?
5
Let j be ((-6)/2 + 4)*-11. Let x = -29 - j. Let p = 6 - x. What is the units digit of p?
4
Suppose 29*u = -3*r + 28*u + 9840, -2*u + 9840 = 3*r. What is the units digit of r?
0
What is the tens digit of 5/(-3)*(2/1 - 179)?
9
What is the hundreds digit of 15*(-1)/3 + 659/1?
6
Let m = 0 - -2. Suppose -m = -5*d + 8. Suppose 3*z + x - 2*x = d, z - 6 = -5*x. What is the units digit of z?
1
Let f(j) = -j**3 + 5*j**2 + 3*j + 1. Let r(v) = 2*v + 3. Let l be r(6). Let c = -11 + l. What is the units digit of f(c)?
9
Let x(t) = -t**3 - 13*t**2 - 66*t - 38. What is the thousands digit of x(-14)?
1
Let m = -103 - -187. Suppose 0 = -0*p - p + m. What is the tens digit of p?
8
Suppose 3 = -4*f - 13. What is the units digit of f*2/((-10)/55)?
4
Suppose -120 = -6*j + 3*j. Suppose 3*p = -2*p - j. Let d = -3 - p. What is the units digit of d?
5
Let l = -20 - -45. Let h(r) = l - 2 - 4 - 20*r + 21*r. What is the units digit of h(-9)?
0
Suppose 2*k + 6*v - 24 = 3*v, -3*v = 3*k - 42. Let u = 33 - k. Let q = -5 + u. What is the units digit of q?
0
Suppose -5*w + 10*w = 0. Let s be 9/(270/12) - 2512/(-20). Suppose -4*b + 4 + s = -3*f, -4*b - f + 138 = w. What is the units digit of b?
4
Suppose -648 = -90*q + 81*q. What is the tens digit of q?
7
Suppose 4*j + 2 = -2*s - 0, 4 = -4*s + 3*j. Let m(l) = -9*l. Let t be m(s). Suppose d - t = 5. What is the units digit of d?
4
What is the tens digit of 151/(-4)*(3 - 0 - 15)?
5
Let j(a) = -11*a + 5. Suppose 3*k = g + 29 - 9, -g = -k + 12. What is the units digit of j(g)?
3
Let j(t) = t**2 + 8*t. Let p = -23 + 15. Let o be j(p). Let z(x) = -x**3 + 42. What is the tens digit of z(o)?
4
What is the tens digit of -2 + (-27)/(-15) + 38736/80?
8
Let x(w) be the second derivative of -7*w**5/20 - w**4/12 - 2*w**3/3 - 3*w**2/2 - 10*w. What is the units digit of x(-2)?
7
Suppose 7195 = -27*a + 37840. What is the tens digit of a?
3
Suppose 5*m + 5*l - 2070 = 0, -42*m + 39*m + 4*l = -1221. What is the hundreds digit of m?
4
Let s(a) be the first derivative of a**3/3 - a**2/2 - a - 5. What is the units digit of s(-10)?
9
Let j be (-9)/(-4) + 0 - 3/12. Suppose 5*y + 5*w - 22 = -j, -2*y - w + 8 = 0. What is the units digit of y?
4
Let m(y) = y**3 - 12*y**2 + 9*y - 20. Let v be m(10). What is the units digit of (-1 + 2)*-3 - v?
7
Let l = -207 + -64. What is the units digit of (-3)/(3 + l/90) - -1?
1
Let z(l) = -l**3 - 16*l**2 + 2*l - 13. Let q be z(-16). What is the tens digit of (72/q)/((-2)/95)?
7
Let b = 1270 - 934. What is the hundreds digit of b?
3
Let s(x) = -2*x**2 - 61*x - 5. What is the units digit of s(-24)?
7
Suppose 4*p = 2*p + 734. Let c = p - 179. What is the units digit of c?
8
Let i(m) = -358*m + 18. What is the tens digit of i(-4)?
5
What is the tens digit of 562 - (-6)/(7 + -4)?
6
Let b be (-193)/4 + (-27)/36. Let f = -20 - b. Let z = f + -18. What is the tens digit of z?
1
Let h(d) = d**2 - d - 1. Let u(z) = 6*z**2 - 4*z - 9. Let s(j) = 4*h(j) + u(j). What is the units digit of s(-3)?
1
Let j(o) = 7*o**2 - 50*o - 2. What is the units digit of j(-6)?
0
Let w be -4 - (-4 - -3) - -147. What is the tens digit of (-1)/2*w/(-4)?
1
Let u be ((-4)/4)/(3/51). Let i = -19 - u. What is the units digit of i/(-4)*(9 - -51)?
0
Let c(p) = 12*p + 345. What is the tens digit of c(24)?
3
Let s be (-10*5)/(-4 - -3). Suppose 2*r = -0*r + s. What is the tens digit of r?
2
Let k be -3 - (-13 - -4 - -3). Suppose 2*s - 5*r - 163 = -2*s, -s + k*r + 32 = 0. What is the units digit of s?
7
Let o = 493 - -51. What is the tens digit of o?
4
Suppose 4*c - 5*j = 15, c = -5*j + 11 - 1. Suppose c = 6*x - 7. What is the units digit of (x/3)/((-2)/(-111))?
7
Suppose w + 24 = 98. Suppose 2*o + 5*i = w + 87, 3*o - 235 = -i. What is the units digit of o?
8
Let a(h) = -h**3 + h**2 - h - 1. Let u be a(-1). Let d be u/3 + (-20)/(-6). What is the units digit of 17*2 + 8/d?
6
Let w be 272/153 - 4/(-18). Suppose 42 = -b + w*b. What is the tens digit of b?
4
What is the units digit of (-24935)/(-7) - (-7)/(-931)*19?
2
Let k be (-1 + 5 + -6)*-1. Let y be 9/k*(-8)/(-12). Suppose 5*p = -25, y*p - 1 = -3*s + 20. What is the tens digit of s?
1
Suppose b + 11 + 40 = 0. Let s = b + 136. Suppose -3*l = -8*l + s. What is the tens digit of l?
1
Let y(g) = 52*g**2 - 50*g + 467. What is the units digit of y(9)?
9
Suppose 0 = -5*f + f. Suppose -112 = -n - j, -2*n = -7*n - 3*j + 566. Suppose -5*i = u - n, -i + 4*i - 5*u - 41 = f. What is the units digit of i?
2
Suppose -8*s + 16*s = 3256. What is the hundreds digit of s?
4
Let o(k) = -k**3 + 7*k**2 - 8*k + 4. Let d be o(6). What is the units digit of 9/(-6) + (-2156)/d?
8
Let u(x) = 42*x**2 + 6*x - 28. What is the hundreds digit of u(3)?
3
Suppose 2*c = f + f - 12, 21 = 5*f + 4*c. Let j(r) = r**3 - 8*r**2 + 6*r. Let q be j(f). Let y = -17 - q. What is the units digit of y?
8
Let n(x) = -35*x**2 - 28*x - 9. Let c be n(-8). What is the units digit of (11/5 - 3)/(10/c)?
2
Let a(t) = -1277*t + 1 + 1322*t - 5. What is the tens digit of a(1)?
4
Suppose g = -4*u + 1192, -3*g + 3590 = -u + 6*u. What is the tens digit of g?
0
What is the hundreds digit of (27208/(-28))/(-1) - 4/(-14)?
9
Let m(x) = 2*x**2 - 3*x - 3. Let g be m(4). Suppose 161 - g = 3*l. Suppose 5*i = 2*n - l, 0 = -4*n - i + 39 + 13. What is the tens digit of n?
1
Suppose 32*t = -3479 + 17847. What is the tens digit of t?
4
Suppose -y = -5*w - 136, 3*w = 5*y + w - 703. Let z = 0 + y. What is the tens digit of z?
4
Suppose -96*j = -101*j + 1990. What is the hundreds digit of j?
3
Let c = 432 + -618. Suppose 0 = -o + t - 11, -t = -4*t + 12. What is the tens digit of 2/o + c/(-14)?
1
Let b be (3/1)/(-3 - (-90)/25). Suppose -13*o - b = -1032. What is the tens digit of o?
7
Let o = 10 + -7. Let y = -1 + o. Suppose -y*j - 25 = -85. What is the tens digit of j?
3
Suppose 0 = 2*i - 5*p - 79, 2*p = -i - 2*p + 7. Let g = 27 + i. What is the units digit of g?
4
Suppose -9*j + 6316 = -5*j. What is the hundreds digit of j?
5
Suppose -3*z - l = -36, -21 - 5 = -z - 5*l. Let t = z - -43. What is the tens digit of t?
5
Let a(q) = 75*q**2 + q + 15. What is the hundreds digit of a(-4)?
2
Let m(p) = -11*p - 15. Let o be 12/(-2)*6*6/54. What is the tens digit of m(o)?
2
Let w(d) be the second derivative of d**3/2 + 5*d. Let q be w(4). What is the units digit of (8/12 + 0)*q?
8
Let v be (-94)/4 - (-5)/(-40)*4. Let r = -9 - v. What is the units digit of r?
5
Suppose -c - 73 = -5*q, -3 = -4*q + 1. Let j = c - -84. What is the units digit of j?
6
What is the units digit of (24 - 28) + 539/(0 - -1)?
5
What is the hundreds digit of